1)/n - -6 is divided by z?
1
Suppose 3*q - 27 = -3*c, -2*q - c = 4*c - 18. What is the remainder when 34 is divided by q?
7
Suppose -2*c + 0*c + 35 = -k, -c + 7 = 3*k. Calculate the remainder when c is divided by 5.
1
Let q(x) = -19*x**2 - 3*x - 2. Let t be q(-2). Let m = -47 - t. Calculate the remainder when 97 is divided by m.
22
Let f(j) = j**3 - j**2 - j + 3. Let s be f(0). Suppose s*w = -w - 40. What is the remainder when 46 is divided by (24/(-10))/(2/w)?
10
Suppose -3*c + 5*b = -4 + 18, 0 = -c + 3*b - 2. Suppose 3*m = -2*m + 5. Calculate the remainder when m is divided by (-24)/c*(-1)/(-3).
0
Let p(o) be the first derivative of -o**2 - 5*o - 11. Calculate the remainder when 24 is divided by p(-6).
3
Suppose 5*n + 4*i = -0*i + 53, -12 = 4*i. Suppose 3*v = 4*j - 97, -v = -j - 4*v + n. What is the remainder when 65 is divided by j?
21
Suppose 5*a - 5*c - 45 = 0, 3*c = -7 - 8. What is the remainder when 1 - -1 - 8/(-1) is divided by a?
2
Let x = -6 - -6. Suppose 6*z - z = x. Suppose 2*b + 2*b - 2*i - 42 = z, b + 5*i = 5. Calculate the remainder when 18 is divided by b.
8
Let m be (18/(-10))/(4/(-20)). Suppose 0 = 5*j - 16 - m. What is the remainder when 8 is divided by j?
3
Let d = -60 + 6. Let t = 35 + d. Let q = t - -33. Calculate the remainder when 27 is divided by q.
13
Suppose 6*o = 2*o + 76. What is the remainder when 36 is divided by o?
17
Suppose 5*u - 60 = 3*o - 8*o, u + 5*o - 20 = 0. What is the remainder when u is divided by 1 - (-2)/(-1)*-1?
1
Let h(v) = 3*v**2 - 2*v + 1. What is the remainder when h(2) is divided by 2?
1
Let t(i) = -4 + 0*i**2 + 3*i + 2*i**2 + 3. Let m = 12 - -2. What is the remainder when t(3) is divided by m?
12
Calculate the remainder when (1 + (1 - 3))*-98 is divided by 25.
23
Let r(x) = 10*x + 2*x**2 - 3*x**2 - 2 - 4 + 1. What is the remainder when 47 is divided by r(7)?
15
Suppose -100 = -2*k - 28. Let a = -16 + 35. Calculate the remainder when k is divided by a.
17
Let o(h) = h**3 + 8*h**2 + 4*h - 4. Let y(f) = 16*f**2 + f. What is the remainder when o(-6) is divided by y(-1)?
14
Suppose -5*k + 10 = -0. Let c be 8/(21/(-9) + 3). Calculate the remainder when (9/c)/(1/4) is divided by k.
1
Suppose -w = -2*l + 3*w + 20, 3*l - 30 = 5*w. Let u(a) = a + 7. Calculate the remainder when u(11) is divided by l.
8
Suppose -5*h - 3*v + 6 = 0, h + 3*v + 2 = -4. Let a(i) = i**2 - 2*i + 3. Calculate the remainder when h is divided by a(2).
0
Let t(p) = 3*p - 2. Let z be 36/10 + 10/25. Let g be t(z). Suppose -5*o = -0*o - g. Calculate the remainder when 3 is divided by o.
1
Suppose v = -5*a + 23 + 35, 2*v - 2*a = 56. Let k = 18 + 0. What is the remainder when v is divided by k?
15
Suppose i + 5*m = 18, 3*i - 4*m - 25 = 67. Calculate the remainder when 139 is divided by i.
27
Suppose 6*k = k + 190. Suppose k = 2*j - 42. What is the remainder when j is divided by (-5)/(5/(-2)) - -12?
12
Suppose 5*g - 2*g - 36 = 0. What is the remainder when 33 is divided by g?
9
Let f = 67 + -49. Calculate the remainder when 70 is divided by f.
16
Let n(p) = p**2 - 2*p - 4. Calculate the remainder when 43 is divided by n(5).
10
Suppose -36 = -2*a + 4*a. Calculate the remainder when (8/4)/((-2)/a) is divided by 8.
2
Let h(o) = -o + 10. Let k be h(6). Suppose 7*v - k*v = 48. Calculate the remainder when 29 is divided by v.
13
Let p(a) = a**2 + 8*a - 3. Let j be p(-9). Let y(k) = 7*k - k**3 + j*k**2 - 5 + 3*k + 4. What is the remainder when 39 is divided by y(7)?
19
Let f(q) = -39*q + 3. What is the remainder when f(-1) is divided by 15?
12
Let h = -31 - -112. Calculate the remainder when h is divided by 21.
18
Let j = 110 + -65. Calculate the remainder when j is divided by 24.
21
Suppose 6*x - 3*x - 4*z - 44 = 0, -2*z - 10 = 0. What is the remainder when 11 is divided by x?
3
Suppose 0 = 2*x + 2, 4*a + 238 = 6*a - 4*x. Calculate the remainder when a is divided by 30.
27
Suppose z + 5*z = 162. Calculate the remainder when z is divided by 10.
7
Let j(i) = 2*i**2 + 5*i + 10. What is the remainder when j(-6) is divided by 18?
16
Suppose 2*z + 99 = -3*o + 5*z, -3*o = -5*z + 95. Let s = 8 - o. Calculate the remainder when s is divided by 15.
13
Let k = 28 - 5. Calculate the remainder when k + (-3 + 5 - 2) is divided by 6.
5
Calculate the remainder when (-15)/(3*-1 + (-88)/(-33)) is divided by 23.
22
Suppose -4*p = -5*p + 5. Suppose p*t - t - 28 = 0. Let b = -9 - -28. Calculate the remainder when b is divided by t.
5
Suppose -2*c - c + 12 = 0. Suppose -4*h - 163 = -5*l, l + c*h + h - 21 = 0. Calculate the remainder when l is divided by 11.
9
Suppose 7*j + 24 = 9*j. Calculate the remainder when 35 is divided by j.
11
Calculate the remainder when 14 is divided by 560/60 + 4/(-3).
6
Suppose -f + 2 = 6, -t = 3*f + 220. Calculate the remainder when 34 is divided by (-2)/(-4) + t/(-32).
6
Let i = 6 + -1. Suppose -i*c - 26 = 2*z - 74, 0 = -z + 3*c + 35. What is the remainder when z is divided by 16?
13
Suppose 2*i + 0*i = -4*t + 126, -3*t + 98 = -2*i. Calculate the remainder when 61 is divided by t.
29
Let c = 64 + -30. Suppose m - c = 2*v - 9, m + 3*v = 30. What is the remainder when m is divided by 14?
13
Suppose 2*j - 6 = 0, -5*j + 21 = 2*w - 20. What is the remainder when 63 is divided by w?
11
Let y(t) = t**3 + 6*t**2. Let f(p) = -2*p**3 - 6*p**2 - p - 1. Let r(o) = -2*f(o) - 3*y(o). Calculate the remainder when r(6) is divided by 4.
2
Suppose 2*d - 8 = -2*x, 0 = x - 2*d - 2*d - 14. Let i(a) = a**3 - 4*a**2 - 9*a + 8. What is the remainder when i(x) is divided by 9?
8
Let d = 2 + 2. Suppose -33 - 119 = -d*n. Calculate the remainder when n is divided by 13.
12
Let z(s) = 6*s**2 + 1. What is the remainder when 1/(2/(-192)*-2) is divided by z(-2)?
23
Let b = -40 + 53. Suppose -3*q + 246 = 60. Calculate the remainder when q is divided by b.
10
Suppose m = -y + 25, 48 = 2*y + m + 3*m. Let i = 178 - 101. Calculate the remainder when i is divided by y.
25
Let v = -5 + 12. Suppose 3*y + 2*t + 16 = 0, 2*y - 5*t = -20 + 3. Calculate the remainder when v is divided by -6*-4*(-1)/y.
3
Let j = 41 + -29. Calculate the remainder when -4 + (-159 - -3)/(-4) is divided by j.
11
Let q = 19 - 33. Let k = -10 - q. Let s(a) = 5*a + 1. What is the remainder when s(2) is divided by k?
3
What is the remainder when 91 is divided by 2 + -6 - (-46)/(-4)*-2?
15
Let u(a) = 5*a**2 - a - 5. Calculate the remainder when u(-3) is divided by 23.
20
Let h be (9 + 1)*(-8)/(-10). Suppose 2*c = -3*j + 9 + h, -2*c - 5*j + 19 = 0. Calculate the remainder when (-6 - 0)/(9/(-24)) + 2 is divided by c.
4
Let r(k) = -14*k + 0 - 7 - 3 - k**2 - 1. Let y(m) = -m**3 + 3*m**2 + m + 1. What is the remainder when y(3) is divided by r(-13)?
0
Let y(a) be the second derivative of -a**3/6 + a**2 - 2*a. Let v be y(6). Let w = 32 + v. What is the remainder when w is divided by 15?
13
Let p(s) = s - 14. Calculate the remainder when 11 is divided by p(16).
1
Let l(s) = -s**3 - 4*s**2 + 3*s - 6. Let p be l(-5). Suppose 0 = 5*r, p*q - r - 44 = -0*q. What is the remainder when q is divided by 4?
3
Suppose -2*t - 480 = -5*n - 1238, 2*t = 3*n + 458. Calculate the remainder when n/(-4) - 2/(-4) is divided by 13.
12
Let d be (-4)/2 + 41 + 0. Let f be 21/4 + 2/(-8). Suppose -d = -2*y - f. Calculate the remainder when 49 is divided by y.
15
Let k be -1 - (-2 + 1) - -3. Suppose k*r - 4*v + 13 = -0*v, -4*r = -v. Suppose -r = -3*t + 62. Calculate the remainder when t is divided by 11.
10
Let a = -68 + 154. What is the remainder when a is divided by 22?
20
Let u = 22 - 10. What is the remainder when 33 is divided by u?
9
Suppose -3*m + 2 = -4. Suppose -26 = -3*q + 1. What is the remainder when 4*(51/m)/3 is divided by q?
7
Suppose 0 = q + q - 16. Suppose 0 = -q*u + 11*u - 108. Calculate the remainder when u is divided by 13.
10
Suppose 2*h - 8 = -z, 2*h = -4*z + 6*h + 8. Suppose -n = z*n - 45. Calculate the remainder when (-1 + -12)/(3/(-6)) is divided by n.
8
Suppose 3*s = -3*s + 96. What is the remainder when 61 is divided by s?
13
Let y(i) be the third derivative of i**5/3 + i**3/6 + 2*i**2. What is the remainder when y(-1) is divided by 11?
10
Let s = 59 + -32. Let j(x) = 2*x - 4. Let t be j(-6). Let p = t + 26. What is the remainder when s is divided by p?
7
Let t = -87 + 59. Let s = t + 39. What is the remaind